{"id":2909,"date":"2023-03-15T12:06:23","date_gmt":"2023-03-15T11:06:23","guid":{"rendered":"https:\/\/www.tierfreunde-flaeming.de\/?page_id=2909"},"modified":"2023-03-15T12:13:27","modified_gmt":"2023-03-15T11:13:27","slug":"taetigkeitsbericht-2022","status":"publish","type":"page","link":"https:\/\/www.tierfreunde-flaeming.de\/?page_id=2909","title":{"rendered":"T\u00e4tigkeitsbericht 2022"},"content":{"rendered":"<div id=\"wppb-builder-container\" class=\"wppb-builder-container\">                <div  class=\"wppb-row-parent  wppb-row-1678878385831 \"  >\n\t\t\t\t\t\n\t\t\t\t\t\t\t\t\t\t\n\t\t\t\t\t\t\t\t\t\t\n\t\t\t\t\t<div class=\"wppb-container \">\n\t\t\t\t\t\t\t\t\t\t\t\t\t\n                        <div class=\"wppb-row\">\n\t\t\t\t\t\t\t                                    <div  class=\"wppb-column-parent wppb-column-parent-view wppb-col-1678878385830  \"  >\n                                        <div class=\"wppb-column\">\n\t\t\t\t\t\n\t\t\t\t\t\t\t\t\t\t\t\n                                            <div class=\"wppb-builder-addons\">\n\t\t\t\t\t\t\t\t\t\t\t\t<div class='wppb-builder-addon wppb-addon-1678878697569'  data-addon-id='1678878697569'><div class='wppb-addon'><div class=\"wppb-text-block-addon\"><div class=\"wppb-text-block-content 0\"><p><span style=\"font-size: 36pt;\">T\u00e4tigkeitsbericht 2022<\/span><\/p><\/div><\/div><\/div><\/div>                                            <\/div>\n                                        <\/div>\n                                    <\/div>\n\t\t\t\t\t\t\t\t\t                        <\/div>\n\n                    <\/div>\n                <\/div>\n\t\t\t\t                <div  class=\"wppb-row-parent  wppb-row-1678878385720 \"  >\n\t\t\t\t\t\n\t\t\t\t\t\t\t\t\t\t\n\t\t\t\t\t\t\t\t\t\t\n\t\t\t\t\t<div class=\"wppb-container \">\n\t\t\t\t\t\t\t\t\t\t\t\t\t\n                        <div class=\"wppb-row\">\n\t\t\t\t\t\t\t                                    <div  class=\"wppb-column-parent wppb-column-parent-view wppb-col-1678878385721  \"  >\n                                        <div class=\"wppb-column\">\n\t\t\t\t\t\n\t\t\t\t\t\t\t\t\t\t\t\n                                            <div class=\"wppb-builder-addons\">\n\t\t\t\t\t\t\t\t\t\t\t\t<div class='wppb-builder-addon wppb-addon-1678878385722'  data-addon-id='1678878385722'><div class='wppb-addon'><div class=\"wppb-text-block-addon\"><\/div><\/div><\/div><div class='wppb-builder-addon wppb-addon-1678878385723'  data-addon-id='1678878385723'><div class='wppb-addon'><div class=\"wppb-text-block-addon\"><div class=\"wppb-text-block-content 0\"><p>Das Jahr 2022 hat unseren Verein wieder viel Arbeit gebracht, unsere Pflegestellen hatten wieder viel zu tun und oft gingen wir mit unseren Kapazit\u00e4ten auch an Grenzen.<br \/><br \/>Am 29.11.2022 wurde eine Mitgliederversammlung zur Wahl des neuen Vorstandes einberufen.<br \/>Der neue Vorstand setzt sich zusammen aus:<\/p><p>1.Vorsitztende\u00a0\u00a0\u00a0\u00a0\u00a0\u00a0\u00a0\u00a0\u00a0\u00a0\u00a0\u00a0\u00a0\u00a0\u00a0 Monika Wieger<br \/>2. Vorsitzende\u00a0\u00a0\u00a0\u00a0\u00a0\u00a0\u00a0\u00a0\u00a0\u00a0\u00a0\u00a0\u00a0\u00a0\u00a0\u00a0 Liane Kr\u00fcmlig<br \/>Schatzmeister\u00a0\u00a0\u00a0\u00a0\u00a0\u00a0\u00a0\u00a0\u00a0\u00a0\u00a0\u00a0\u00a0\u00a0\u00a0\u00a0 Manfred Linow<\/p><p><strong>UNSERE TIERE<\/strong><\/p><p>Im vergangenen Jahr wurden folgende Tiere aufgenommen und versorgt bzw. tier\u00e4rztlich behandelt:<\/p><p><strong>Katzen<\/strong><\/p><p>74 freilebende Katzen von div. Futterstellen wurden wegen Parasitenbefall, Krankheiten bzw. Verletzungen tier\u00e4rztlich versorgt und konnten fast alle nach der tier\u00e4rztlichen Behandlung wieder in ihre geliebte Freiheit zur\u00fcck.<\/p><p><strong>Aufnahme von Abgabe-\/Fundtiere\/Futterstellentiere<\/strong><\/p><p>10 Tiere wurden von uns aufgenommen:<\/p><ul><li>6 Katzen\/Kater davon wurden wegen Verletzungen oder Krankheiten bzw. im schlechten Zustand aufgenommen und tier\u00e4rztlich versorgt<\/li><\/ul><ul><li>2 Kater und 1 Katze konnten wir leider trotz intensiver Behandlung nicht retten.<\/li><\/ul><ul><li>1 Katze wurde von einer Futterstelle im sehr schlechten Zustand aufgenommen und gep\u00e4ppelt, Nicole befindet sich noch auf einer Pflegestelle und sucht ein Zuhause.<\/li><\/ul><p>Trotz all dem Leid, freuen wir uns, von diesen armen Tieren, 6 Katzen\/Kater in ein liebevolles Zuhause vermittelt zu haben.<\/p><p><strong>Katzen-Nachwuchs \u2013 (von tr\u00e4chtigen Katzen bzw. Katzenkinder ohne Mutter)<\/strong><\/p><p>5 Mutterkatzen, hochtr\u00e4chtig bzw. mit ihren bereits geborenen Kitten wurden aufgenommen und<br \/>konnten ihre Kitten in Obhut zur Welt bringen bzw. ihre Kitten bei uns gro\u00dfziehen.<\/p><p>Die M\u00fctter von allen Kitten wurden kastriert sowie tier\u00e4rztlich versorgt und konnten in ihre gewohnte Umgebung zur\u00fcck.<br \/><br \/>Insgesamt haben wir 44 Kitten bei uns aufgenommen, \u00a015 Kitten kamen von einem Verein aus Brandenburg, dort waren die Kapazit\u00e4ten ersch\u00f6pft.<strong>\u00a0<\/strong><\/p><p><strong>Hunde<\/strong><\/p><p>1 Hund (Basra) wurde von uns aufgenommen, die Halterin ist verstorben. Basra ist eine Angsth\u00fcndin und wir brauchten lange, diese arme H\u00fcndin, die \u00fcber 8 Jahre nur ihren Hof\/Zwinger kennengelernt hat, zu sichern. Nach tier\u00e4rztlicher Untersuchung durfte Basra auf eine Pflegestelle ziehen, wo sie nun endlich Hund sein darf.<\/p><p><strong>Kleintiere \/Nager)<\/strong><\/p><p>Zwei Kaninchen aus schlechter Haltung bzw. wegen Hofaufgabe wurden tier\u00e4rztlich versorgt und kamen in gute H\u00e4nde.<br \/><br \/><strong>Nutztiere<\/strong><strong>\u00a0<\/strong><\/p><p>H\u00fchner wurden gerettet und haben nach tier\u00e4rztlicher Versorgung in mehreren Haushalten ihr Zuhause gefunden, dort d\u00fcrfen sie artgerecht ihr Leben leben.<\/p><p><strong>Wildtiere<\/strong><\/p><p>Mehrere Igel wurden wegen schwerer Verletzungen aufgenommen. Sie wurden tier\u00e4rztlich behandelt und waren mehrere Tage bei uns in Obhut. Sie kamen nach ihrer Genesung auf einen Igelgnadenhof oder konnten auch in die Freiheit entlassen werden. Ein Igel musste wegen seiner schweren Verletzungen eingeschl\u00e4fert werden.<\/p><p>Mehrere Wildv\u00f6gel (auch Greifv\u00f6gel) wurden uns gebracht, sie wurden behandelt und teilweise dem Vogelschutz (Nabu) \u00fcbergeben. Ein Greifvogel und ein Buntspecht konnten leider nicht gerettet werden.<\/p><p>2 Babyfeldhasen konnten mit der Flasche aufgezogen werden und wurden sp\u00e4ter in die Freiheit entlassen.<\/p><p>1 Fuchs mit starken Parasitenbefall, wurde (an einer Futterstelle) mit Tabletten behandelt.<\/p><p><strong>Vermittlungen<\/strong><\/p><p>47 Katzen wurden in ein sch\u00f6nes Zuhause vermittelt davon<\/p><ul><li>42 Kitten<\/li><li>5 erwachsene Katzen<\/li><\/ul><p><strong>Tierbestand zum 31.12.2022<\/strong><\/p><p>Zum Jahreswechsel befanden sich noch 3 Katzen in der Obhut der Tierfreunde im Fl\u00e4ming, darunter 2 Katzenkinder, und 1 erwachsene Katzen.<\/p><p><strong>Kastration von freilebenden Katzen<\/strong><\/p><p>2022 wurden 33 freilebende Katzen (17 Kater\/16 Katzen) in mehreren Ortsteilen von Wiesenburg, Bad Belzig, Br\u00fcck und Niemegk eingefangen, kastriert sowie parasit\u00e4r behandelt und ggf. auch tier\u00e4rztlich versorgt. Die Tiere wurden nach einen Beobachtungszeitraum in ihre gewohnten Umgebungen wieder frei gelassen. Dort werden sie an Futterstellen weiter gut versorgt.<strong>\u00a0<\/strong><\/p><p><strong>Futterspenden<\/strong><strong>\u00a0<\/strong><\/p><p>Derzeit stellt unser Verein Futter f\u00fcr \u00fcber 100 freilebende Katzen auf 17 Futterstellen in Bad Belzig, Br\u00fcck und Wiesenburg sowie deren Ortsteile zur Verf\u00fcgung.<\/p><p>Von vielen lieben Menschen gab es hierf\u00fcr Futterspenden f\u00fcr die von uns betreuten Futterstellen.<\/p><p>Diese kommen von Privatpersonen, Online-Futterhaus (Fressnapf) sowie einer Stiftung. Daf\u00fcr sind wir sehr dankbar. Ohne diese Unterst\u00fctzungen k\u00f6nnten wir die monatlichen Rationen der vielen Katzen nicht aufbringen. Weitere Futterstellen werden von tierlieben Menschen selbst versorgt,. Die tier\u00e4rztlichen Behandlungen der von uns kastrierten Katzen an den Futterstellen \u00a0(Krankheiten\/Verletzungen inkl. Medikamente sowie Parasitenschutz) wird durch\u00a0 unseren Verein \u00fcbernommen.<\/p><p><strong>Geldspenden<\/strong><\/p><p>Auch Geldspenden von vielen tierlieben Menschen wurden uns auf das Vereinskonto \u00fcberwiesen. Diese Gelder werden f\u00fcr Aufwendungen wie Kastrationen und tier\u00e4rztliche Behandlungen von kranken und verletzten Tieren verwendet, sowie f\u00fcr die Behandlung der Muttertiere und der Katzenkinder, Impfung und Chippen inbegriffen.\u00a0 Auch hier gilt unser Dank an die zahlreichen Spender.<\/p><p><strong>Mitglieder<\/strong><\/p><p>Zum 31.12.2022 hatte unser Verein 25 Mitglieder zu verzeichnen.<\/p><p><strong>Ausblick<\/strong><\/p><p>Die Tierfreunde im Fl\u00e4ming e.V. sind ein kleiner Verein.<\/p><p>Die Aktivit\u00e4ten des Vereins werden von wenigen aktiven\u00a0Mitgliedern auf rein ehrenamtlicher Basis get\u00e4tigt.<\/p><p>Obwohl vieles geleistet und erreicht wird, sind unsere Kapazit\u00e4ten begrenzt. Um effektive Arbeit leisten zu k\u00f6nnen, m\u00fcssen sich die Aktivit\u00e4ten deshalb an den vorhandenen Mitteln und Kapazit\u00e4ten orientieren.<\/p><p>Im Mittelpunkt steht f\u00fcr uns hierbei immer die Hilfe am Tier, welches in Not geraten ist.<\/p><p>\u00dcber unsere Facebook-Seite werden wir auch weiterhin \u00fcber tierschutzrelevante Themen berichten und stehen Tierhaltern und Interessierten mit Rat und Tat zur Seite.<\/p><p>Vorstand der Tierfreunde im Fl\u00e4ming e. V.<\/p><\/div><\/div><\/div><\/div>                                            <\/div>\n                                        <\/div>\n                                    <\/div>\n\t\t\t\t\t\t\t\t\t                        <\/div>\n\n                    <\/div>\n                <\/div>\n\t\t\t\t<\/div>","protected":false},"excerpt":{"rendered":"<p>T\u00e4tigkeitsbericht 2022 Das Jahr 2022 hat unseren Verein wieder viel Arbeit gebracht, unsere Pflegestellen hatten wieder viel zu tun und oft gingen wir mit unseren Kapazit\u00e4ten auch an Grenzen.Am 29.11.2022 wurde eine Mitgliederversammlung zur Wahl des neuen Vorstandes einberufen.Der neue Vorstand setzt sich zusammen aus:1.Vorsitztende\u00a0\u00a0\u00a0\u00a0\u00a0\u00a0\u00a0\u00a0\u00a0\u00a0\u00a0\u00a0\u00a0\u00a0\u00a0 Monika Wieger2. Vorsitzende\u00a0\u00a0\u00a0\u00a0\u00a0\u00a0\u00a0\u00a0\u00a0\u00a0\u00a0\u00a0\u00a0\u00a0\u00a0\u00a0 Liane Kr\u00fcmligSchatzmeister\u00a0\u00a0\u00a0\u00a0\u00a0\u00a0\u00a0\u00a0\u00a0\u00a0\u00a0\u00a0\u00a0\u00a0\u00a0\u00a0 Manfred LinowUNSERE TIEREIm vergangenen Jahr [&hellip;]<\/p>\n","protected":false},"author":1,"featured_media":0,"parent":0,"menu_order":0,"comment_status":"closed","ping_status":"closed","template":"wppb_theme_template","meta":[],"_links":{"self":[{"href":"https:\/\/www.tierfreunde-flaeming.de\/index.php?rest_route=\/wp\/v2\/pages\/2909"}],"collection":[{"href":"https:\/\/www.tierfreunde-flaeming.de\/index.php?rest_route=\/wp\/v2\/pages"}],"about":[{"href":"https:\/\/www.tierfreunde-flaeming.de\/index.php?rest_route=\/wp\/v2\/types\/page"}],"author":[{"embeddable":true,"href":"https:\/\/www.tierfreunde-flaeming.de\/index.php?rest_route=\/wp\/v2\/users\/1"}],"replies":[{"embeddable":true,"href":"https:\/\/www.tierfreunde-flaeming.de\/index.php?rest_route=%2Fwp%2Fv2%2Fcomments&post=2909"}],"version-history":[{"count":2,"href":"https:\/\/www.tierfreunde-flaeming.de\/index.php?rest_route=\/wp\/v2\/pages\/2909\/revisions"}],"predecessor-version":[{"id":2911,"href":"https:\/\/www.tierfreunde-flaeming.de\/index.php?rest_route=\/wp\/v2\/pages\/2909\/revisions\/2911"}],"wp:attachment":[{"href":"https:\/\/www.tierfreunde-flaeming.de\/index.php?rest_route=%2Fwp%2Fv2%2Fmedia&parent=2909"}],"curies":[{"name":"wp","href":"https:\/\/api.w.org\/{rel}","templated":true}]}}