{"id":1794,"date":"2019-01-24T21:39:34","date_gmt":"2019-01-24T20:39:34","guid":{"rendered":"http:\/\/www.tierfreunde-flaeming.de\/?page_id=1794"},"modified":"2020-01-26T22:02:31","modified_gmt":"2020-01-26T21:02:31","slug":"taetigkeitsbericht-2018","status":"publish","type":"page","link":"https:\/\/www.tierfreunde-flaeming.de\/?page_id=1794","title":{"rendered":"T\u00e4tigkeitsbericht 2019"},"content":{"rendered":"<div id=\"wppb-builder-container\" class=\"wppb-builder-container\">                <div  class=\"wppb-row-parent  wppb-row-1548360485128 \"  >\n\t\t\t\t\t\n\t\t\t\t\t\t\t\t\t\t\n\t\t\t\t\t\t\t\t\t\t\n\t\t\t\t\t<div class=\"wppb-container \">\n\t\t\t\t\t\t\t\t\t\t\t\t\t\n                        <div class=\"wppb-row\">\n\t\t\t\t\t\t\t                                    <div  class=\"wppb-column-parent wppb-column-parent-view wppb-col-1548360672164  \"  >\n                                        <div class=\"wppb-column\">\n\t\t\t\t\t\n\t\t\t\t\t\t\t\t\t\t\t\n                                            <div class=\"wppb-builder-addons\">\n\t\t\t\t\t\t\t\t\t\t\t\t<div class='wppb-builder-addon wppb-addon-1548360672165'  data-addon-id='1548360672165'><div class='wppb-addon'><div class=\"wppb-text-block-addon\"><div class=\"wppb-text-block-content 0\"><p style=\"text-align: center;\">T\u00e4tigkeitsbericht 2019<\/p><\/div><\/div><\/div><\/div><div class='wppb-builder-addon wppb-addon-1548360672166'  data-addon-id='1548360672166'><div class='wppb-addon'><div class=\"wppb-text-block-addon\"><\/div><\/div><\/div>                                            <\/div>\n                                        <\/div>\n                                    <\/div>\n\t\t\t\t\t\t\t\t\t                        <\/div>\n\n                    <\/div>\n                <\/div>\n\t\t\t\t                <div  class=\"wppb-row-parent  wppb-row-1548361021355 \"  >\n\t\t\t\t\t\n\t\t\t\t\t\t\t\t\t\t\n\t\t\t\t\t\t\t\t\t\t\n\t\t\t\t\t<div class=\"wppb-container \">\n\t\t\t\t\t\t\t\t\t\t\t\t\t\n                        <div class=\"wppb-row\">\n\t\t\t\t\t\t\t                                    <div  class=\"wppb-column-parent wppb-column-parent-view wppb-col-1548361021356  \"  >\n                                        <div class=\"wppb-column\">\n\t\t\t\t\t\n\t\t\t\t\t\t\t\t\t\t\t\n                                            <div class=\"wppb-builder-addons\">\n\t\t\t\t\t\t\t\t\t\t\t\t<div class='wppb-builder-addon wppb-addon-1548361021357'  data-addon-id='1548361021357'><div class='wppb-addon'><div class=\"wppb-text-block-addon\"><\/div><\/div><\/div><div class='wppb-builder-addon wppb-addon-1548361021358'  data-addon-id='1548361021358'><div class='wppb-addon'><div class=\"wppb-text-block-addon\"><div class=\"wppb-text-block-content 0\"><p>Das Jahr 2019 ist vor\u00fcber und somit m\u00f6chten wir die Aktivit\u00e4ten f\u00fcr das vergangene Jahr der Tierfreunde im Fl\u00e4ming e.V. zusammenfassen.\u00a0<\/p><p><strong>UNSERE TIERE<\/strong><\/p><p>Im vergangenen Jahr wurden folgende Tiere aufgenommen:<\/p><p><strong>Hunde<\/strong><\/p><p>Opa Max, eine kleiner Terrier-Mix ist im Februar 2019 zu uns gekommen, da sein Frauchen in ein Pflegeheim musste. M\u00e4xchen hatte viele Baustellen, die erst einmal tier\u00e4rztlich versorgt werden mussten. Unter anderem hatte er mehrere Tumore, die operativ entfernt wurden. Sein kleines Herz ist nicht mehr so ganz in Ordnung und er hat Arthrose. Auch war er Inkontinent und musste Windeln im Haus tragen. Somit kam er bei uns auf eine Dauerpflegestelle.<\/p><p><strong>Katzen<\/strong><\/p><p>28 freilebende Katzen von div. Futterstellen wurden wegen Krankheiten bzw. Verletzungen tier\u00e4rztlich versorgt<\/p><p>9 Abgabe- bzw. Fundtiere wurden tier\u00e4rztlich untersucht und behandelt, bei den Fundtieren konnten keine Besitzer ermittelt werden. 8 Katzen konnten in liebevolle Familien vermittelt werden, eine alte Omi sucht noch ein liebevolles Zuhause.<br \/><br \/><\/p><p>9 Katzen wurden wegen Verletzungen oder Krankheiten bzw. im schlechten Zustand aufgenommen. 3 Katzen sind noch in unserer Obhut, eine Katze bekam eine Dauerpflegestelle. 1 Kater durfte in ein neues Zuhause und 1 wilder Kater durfte nach seiner Genesung wieder in seine geliebte Freiheit zur\u00fcck.<\/p><p>3 Katzen mussten eingeschl\u00e4fert werden bzw. sind gestorben.<\/p><p><strong>Katzen-Nachwuchs \u201eMutter und\/oder nur Kinder\u201c<\/strong><\/p><p>4 Mutterkatzen konnten ihre insgesamt 15 Kitten bei uns in Obhut liebevoll versorgen, davon haben 3 M\u00fctter ihre Jungen bei uns zur Welt gebracht.<\/p><p>34 Kitten von wilden freilebenden Katzen wurden eingefangen und auf Pflegestellen untergebracht. Ein Kitten davon wurde in einem sehr schlechten Zustand zu uns gebracht, leider ist Waida, so hatten wir sie genannt, nach 2 Tagen gestorben.<\/p><p>Die M\u00fctter der anderen Kitte wurden eingefangen und kastriert und durften in ihre gewohnte Umgebung zur\u00fcck, wo sie gut versorgt werden.<\/p><p><strong>Wildtiere<\/strong><\/p><p>2 Igel haben wir wegen schwerer Verletzungen aufgenommen. Ein Igelchen kam mit einer Schlagfallenverletzung an der rechten Vorderpfote zu uns. Nach der Behandlung, wobei ein Teil der Pfote amputiert werden musste, konnten wir den Igel in einer Igelstation unterbringen. Der zweite Igel kam mit seinem M\u00e4ulchen in einem <br \/>Roboter-Rasenm\u00e4her, trotz Operation und Intensivbetreuung ist er leider gestorben.<\/p><p>1 Mehlschwalbe kam mit einer Sch\u00e4delverletzung zu uns, auch sie konnte leider nur noch erl\u00f6st werden.<\/p><p>Es betr\u00fcbt uns sehr, dass Wildtiere immer \u00f6fter durch uns Menschen so schlimm verletzt werden und teilweise nicht mehr gerettet werden k\u00f6nnen.<\/p><p><strong>Vermittlungen<\/strong><\/p><p>58 Katzen wurden in ein sch\u00f6nes Zuhause vermittelt<\/p><p>\u00a0\u00a0\u00a0\u00a0\u00a0\u00a0\u00a0\u00a0\u00a0\u00a0\u00a0 44 Kitten<\/p><p>\u00a0\u00a0\u00a0\u00a0\u00a0\u00a0\u00a0\u00a0\u00a0\u00a0\u00a0 14 erwachsene Katzen<\/p><p><strong>Aktueller Tierbestand<\/strong><\/p><p>Zum Jahreswechsel befanden sich noch 5 Katzen in der Obhut der Tierfreunde im Fl\u00e4ming, darunter 3 Katzenjunge, ein erwachsener Kater mit FelV pos. und eine Katzenomi.<\/p><p><strong>Kastration von freilebenden Katzen<\/strong><\/p><p>2019 wurden 93 freilebende Katzen (37 Kater\/56 Katzen) in 24 Ortsteilen von Wiesenburg, Bad Belzig, Br\u00fcck und Niemegk eingefangen, kastriert sowie parasit\u00e4r behandelt und ggf. auch tier\u00e4rztlich versorgt.\u00a05 Katzen davon waren zug\u00e4nglich, sodass sie vermittelt werden konnten, die anderen wurden in ihrer gewohnten Umgebung wieder frei gelassen. Dort werden sie in unseren Futterstellen versorgt.<\/p><p><strong>Futterspenden<\/strong><\/p><p>Derzeit stellt unser Verein Futter f\u00fcr ca. 100 freilebende Katzen auf 15 Futterstellen in Bad Belzig, Br\u00fcck und Wiesenburg sowie deren Ortsteile zur Verf\u00fcgung.<\/p><p>Von vielen lieben Menschen gab es hierf\u00fcr Futterspenden f\u00fcr die von uns betreuten Futterstellen.<\/p><p>Diese kommen von Privatpersonen, Vereinen sowie einer Stiftung. Daf\u00fcr sind wir sehr dankbar. Ohne diese Unterst\u00fctzung k\u00f6nnten wir die monatlichen Rationen f\u00fcr die ca. 100 Katzen nicht aufbringen.<\/p><p><strong>Geldspenden<\/strong><\/p><p>Auch Geldspenden von vielen lieben Menschen wurden uns auf das Vereinskonto \u00fcberwiesen. Diese Gelder werden f\u00fcr Aufwendungen wie Kastrationen und tier\u00e4rztliche Behandlungen von Kranken und verletzten Tieren verwendet, sowie f\u00fcr die Behandlung der Muttertiere und der Katzenkinder, Impfung und Chippen inbegriffen. Auch hier gilt unser Dank an die zahlreichen Spender.<\/p><p><strong>Kastrations- und Kennzeichnungspflicht von Freig\u00e4nger Katzen<\/strong><\/p><p>Wir haben in der Gemeinde Wiesenburg an zwei Gemeindeversammlungen teilgenommen um das Paderborner Modell vorzustellen. Hier ist noch viel \u00dcberzeugungsarbeit zu leisten und auch die Einwohner zu sensibilisieren.<\/p><p><strong>Mitglieder<\/strong><\/p><p>Zum 31.12.2019 hatte unser Verein 23 Mitglieder zu verzeichnen.<\/p><p><strong>Ausblick<\/strong><\/p><p>Die Tierfreunde im Fl\u00e4ming e.V. sind ein kleiner Verein.<\/p><p>Die Aktivit\u00e4ten des Vereins werden von wenigen aktiven\u00a0Mitgliedern auf rein ehrenamtlicher Basis getragen, da wir viele \u00e4ltere Mitglieder haben.<\/p><p>Obwohl vieles geleistet und erreicht wird, sind unsere Kapazit\u00e4ten begrenzt. Um effektive Arbeit leisten zu k\u00f6nnen, m\u00fcssen sich die Aktivit\u00e4ten deshalb an den vorhandenen Mitteln orientieren.\u00a0<\/p><p>Im Mittelpunkt steht f\u00fcr uns hierbei immer die Hilfe am Tier, welches in Not geraten ist.<\/p><p>Bez\u00fcglich der Kastration von freilebenden Katzen befinden wir uns f\u00fcr das Jahr 2020 bereits in den Vorbereitungen zu umfangreichen Kastrationsma\u00dfnahme in mehreren Ortsteilen in Bad Belzig, Wiesenburg, Br\u00fcck und Niemegk.<\/p><p>\u00dcber unsere Facebook-Seite werden wir auch weiterhin \u00fcber tierschutzrelevante Themen berichten und stehen Tierhaltern und Interessierten mit Rat und Tat zur Seite.<\/p><p>Vorstand der Tierfreunde im Fl\u00e4ming e. V.<\/p><\/div><\/div><\/div><\/div>                                            <\/div>\n                                        <\/div>\n                                    <\/div>\n\t\t\t\t\t\t\t\t\t                        <\/div>\n\n                    <\/div>\n                <\/div>\n\t\t\t\t                <div  class=\"wppb-row-parent  wppb-row-1548361021354 \"  >\n\t\t\t\t\t\n\t\t\t\t\t\t\t\t\t\t\n\t\t\t\t\t\t\t\t\t\t\n\t\t\t\t\t<div class=\"wppb-container \">\n\t\t\t\t\t\t\t\t\t\t\t\t\t\n                        <div class=\"wppb-row\">\n\t\t\t\t\t\t\t                                    <div  class=\"wppb-column-parent wppb-column-parent-view wppb-col-1548361021353  \"  >\n                                        <div class=\"wppb-column\">\n\t\t\t\t\t\n\t\t\t\t\t\t\t\t\t\t\t\n                                            <div class=\"wppb-builder-addons\">\n\t\t\t\t\t\t\t\t\t\t\t\t                                            <\/div>\n                                        <\/div>\n                                    <\/div>\n\t\t\t\t\t\t\t\t\t                        <\/div>\n\n                    <\/div>\n                <\/div>\n\t\t\t\t<\/div>","protected":false},"excerpt":{"rendered":"<p>T\u00e4tigkeitsbericht 2019 Das Jahr 2019 ist vor\u00fcber und somit m\u00f6chten wir die Aktivit\u00e4ten f\u00fcr das vergangene Jahr der Tierfreunde im Fl\u00e4ming e.V. zusammenfassen.\u00a0UNSERE TIEREIm vergangenen Jahr wurden folgende Tiere aufgenommen:HundeOpa Max, eine kleiner Terrier-Mix ist im Februar 2019 zu uns gekommen, da sein Frauchen in ein Pflegeheim musste. M\u00e4xchen hatte viele Baustellen, die erst einmal [&hellip;]<\/p>\n","protected":false},"author":1,"featured_media":0,"parent":0,"menu_order":0,"comment_status":"closed","ping_status":"closed","template":"","meta":[],"_links":{"self":[{"href":"https:\/\/www.tierfreunde-flaeming.de\/index.php?rest_route=\/wp\/v2\/pages\/1794"}],"collection":[{"href":"https:\/\/www.tierfreunde-flaeming.de\/index.php?rest_route=\/wp\/v2\/pages"}],"about":[{"href":"https:\/\/www.tierfreunde-flaeming.de\/index.php?rest_route=\/wp\/v2\/types\/page"}],"author":[{"embeddable":true,"href":"https:\/\/www.tierfreunde-flaeming.de\/index.php?rest_route=\/wp\/v2\/users\/1"}],"replies":[{"embeddable":true,"href":"https:\/\/www.tierfreunde-flaeming.de\/index.php?rest_route=%2Fwp%2Fv2%2Fcomments&post=1794"}],"version-history":[{"count":3,"href":"https:\/\/www.tierfreunde-flaeming.de\/index.php?rest_route=\/wp\/v2\/pages\/1794\/revisions"}],"predecessor-version":[{"id":2451,"href":"https:\/\/www.tierfreunde-flaeming.de\/index.php?rest_route=\/wp\/v2\/pages\/1794\/revisions\/2451"}],"wp:attachment":[{"href":"https:\/\/www.tierfreunde-flaeming.de\/index.php?rest_route=%2Fwp%2Fv2%2Fmedia&parent=1794"}],"curies":[{"name":"wp","href":"https:\/\/api.w.org\/{rel}","templated":true}]}}