{"id":1430,"date":"2019-01-13T23:15:25","date_gmt":"2019-01-13T22:15:25","guid":{"rendered":"http:\/\/www.tierfreunde-flaeming.de\/?page_id=1430"},"modified":"2019-01-31T20:04:03","modified_gmt":"2019-01-31T19:04:03","slug":"impressum","status":"publish","type":"page","link":"https:\/\/www.tierfreunde-flaeming.de\/?page_id=1430","title":{"rendered":"Impressum"},"content":{"rendered":"<div id=\"wppb-builder-container\" class=\"wppb-builder-container\">                <div  class=\"wppb-row-parent  wppb-row-1548961487724 \"  >\n\t\t\t\t\t\n\t\t\t\t\t\t\t\t\t\t\n\t\t\t\t\t\t\t\t\t\t\n\t\t\t\t\t<div class=\"wppb-container \">\n\t\t\t\t\t\t\t\t\t\t\t\t\t\n                        <div class=\"wppb-row\">\n\t\t\t\t\t\t\t                                    <div  class=\"wppb-column-parent wppb-column-parent-view wppb-col-1548961487723  \"  >\n                                        <div class=\"wppb-column\">\n\t\t\t\t\t\n\t\t\t\t\t\t\t\t\t\t\t\n                                            <div class=\"wppb-builder-addons\">\n\t\t\t\t\t\t\t\t\t\t\t\t<div class='wppb-builder-addon wppb-addon-1548961507324'  data-addon-id='1548961507324'><div class='wppb-addon'><div class=\"wppb-text-block-addon\"><div class=\"wppb-text-block-content 0\"><p>Impressum<\/p><\/div><\/div><\/div><\/div>                                            <\/div>\n                                        <\/div>\n                                    <\/div>\n\t\t\t\t\t\t\t\t\t                        <\/div>\n\n                    <\/div>\n                <\/div>\n\t\t\t\t                <div  class=\"wppb-row-parent  wppb-row-1548961487748 \"  >\n\t\t\t\t\t\n\t\t\t\t\t\t\t\t\t\t\n\t\t\t\t\t\t\t\t\t\t\n\t\t\t\t\t<div class=\"wppb-container \">\n\t\t\t\t\t\t\t\t\t\t\t\t\t\n                        <div class=\"wppb-row\">\n\t\t\t\t\t\t\t                                    <div  class=\"wppb-column-parent wppb-column-parent-view wppb-col-1548961487747  \"  >\n                                        <div class=\"wppb-column\">\n\t\t\t\t\t\n\t\t\t\t\t\t\t\t\t\t\t\n                                            <div class=\"wppb-builder-addons\">\n\t\t\t\t\t\t\t\t\t\t\t\t<div class='wppb-builder-addon wppb-addon-1548961588373'  data-addon-id='1548961588373'><div class='wppb-addon'><div class=\"wppb-text-block-addon\"><div class=\"wppb-text-block-content 0\"><p><strong><span style=\"text-align: left; color: #191e23; text-transform: none; line-height: 36px; text-indent: 0px; letter-spacing: normal; font-family: 'Noto Serif'; font-size: 20px; font-style: normal; font-variant: normal; text-decoration: none; word-spacing: 0px; display: inline !important; white-space: pre-wrap; orphans: 2; float: none; -webkit-text-stroke-width: 0px; background-color: transparent;\">Tierfreunde im Fl\u00e4ming e.V.<\/span><\/strong><br \/><strong><span style=\"text-align: left; color: #191e23; text-transform: none; line-height: 36px; text-indent: 0px; letter-spacing: normal; font-family: 'Noto Serif'; font-size: 20px; font-style: normal; font-variant: normal; text-decoration: none; word-spacing: 0px; display: inline !important; white-space: pre-wrap; orphans: 2; float: none; -webkit-text-stroke-width: 0px; background-color: transparent;\"> L\u00fcsse 33<\/span><\/strong><br \/><strong><span style=\"text-align: left; color: #191e23; text-transform: none; line-height: 36px; text-indent: 0px; letter-spacing: normal; font-family: 'Noto Serif'; font-size: 20px; font-style: normal; font-variant: normal; text-decoration: none; word-spacing: 0px; display: inline !important; white-space: pre-wrap; orphans: 2; float: none; -webkit-text-stroke-width: 0px; background-color: transparent;\">14806 Bad Belzig<\/span><\/strong><\/p>\n<p><strong><span style=\"text-align: left; color: #191e23; text-transform: none; line-height: 28.8px; text-indent: 0px; letter-spacing: normal; font-family: 'Noto Serif'; font-size: 16px; font-style: normal; font-variant: normal; text-decoration: none; word-spacing: 0px; display: inline !important; white-space: pre-wrap; orphans: 2; float: none; -webkit-text-stroke-width: 0px; background-color: transparent;\">Telefon: 033841 798450<\/span><\/strong><br \/><strong><span style=\"text-align: left; color: #191e23; text-transform: none; line-height: 28.8px; text-indent: 0px; letter-spacing: normal; font-family: 'Noto Serif'; font-size: 16px; font-style: normal; font-variant: normal; text-decoration: none; word-spacing: 0px; display: inline !important; white-space: pre-wrap; orphans: 2; float: none; -webkit-text-stroke-width: 0px; background-color: transparent;\"> E-Mail: info@tierfreunde-flaeming.de<\/span><\/strong><\/p><\/div><\/div><\/div><\/div>                                            <\/div>\n                                        <\/div>\n                                    <\/div>\n\t\t\t\t\t\t\t\t\t                        <\/div>\n\n                    <\/div>\n                <\/div>\n\t\t\t\t                <div  class=\"wppb-row-parent  wppb-row-1548961789593 \"  >\n\t\t\t\t\t\n\t\t\t\t\t\t\t\t\t\t\n\t\t\t\t\t\t\t\t\t\t\n\t\t\t\t\t<div class=\"wppb-container \">\n\t\t\t\t\t\t\t\t\t\t\t\t\t\n                        <div class=\"wppb-row\">\n\t\t\t\t\t\t\t                                    <div  class=\"wppb-column-parent wppb-column-parent-view wppb-col-1548961789592  \"  >\n                                        <div class=\"wppb-column\">\n\t\t\t\t\t\n\t\t\t\t\t\t\t\t\t\t\t\n                                            <div class=\"wppb-builder-addons\">\n\t\t\t\t\t\t\t\t\t\t\t\t<div class='wppb-builder-addon wppb-addon-1548961888423'  data-addon-id='1548961888423'><div class='wppb-addon'><div class=\"wppb-text-block-addon\"><div class=\"wppb-text-block-content 0\"><p><b><span style=\"color: #191e23;\">Verantwortlich f\u00fcr den Inhalt<\/span><\/b><span style=\"display: inline !important; float: none; background-color: transparent; color: #191e23; font-family: 'Noto Serif'; font-size: 16px; font-style: normal; font-variant: normal; font-weight: 400; letter-spacing: normal; line-height: 28.8px; orphans: 2; text-align: left; text-decoration: none; text-indent: 0px; text-transform: none; -webkit-text-stroke-width: 0px; white-space: pre-wrap; word-spacing: 0px;\"> (gem. \u00a7 55 Abs. 2 RStV):<\/span><\/p>\n<p><strong><span style=\"text-align: left; color: #191e23; text-transform: none; line-height: 28.8px; text-indent: 0px; letter-spacing: normal; font-family: 'Noto Serif'; font-size: 16px; font-style: normal; font-variant: normal; text-decoration: none; word-spacing: 0px; display: inline !important; white-space: pre-wrap; orphans: 2; float: none; -webkit-text-stroke-width: 0px; background-color: transparent;\">Tierfreunde im Fl\u00e4ming e.V.<\/span><\/strong><br \/><strong><span style=\"text-align: left; color: #191e23; text-transform: none; line-height: 28.8px; text-indent: 0px; letter-spacing: normal; font-family: 'Noto Serif'; font-size: 16px; font-style: normal; font-variant: normal; text-decoration: none; word-spacing: 0px; display: inline !important; white-space: pre-wrap; orphans: 2; float: none; -webkit-text-stroke-width: 0px; background-color: transparent;\"> L\u00fcsse 33<\/span><\/strong><br \/><strong><span style=\"text-align: left; color: #191e23; text-transform: none; line-height: 28.8px; text-indent: 0px; letter-spacing: normal; font-family: 'Noto Serif'; font-size: 16px; font-variant: normal; text-decoration: none; word-spacing: 0px; display: inline !important; white-space: pre-wrap; orphans: 2; float: none; -webkit-text-stroke-width: 0px; background-color: transparent;\">14806 Bad Belzig<\/span><\/strong><\/p>\n<p><strong>Bildrechte: Tierfreunde im Fl\u00e4ming e.V.<\/strong><\/p>\n<p>\u00a0<\/p>\n<p><strong><em><span style=\"text-align: left; color: #313131; text-transform: none; line-height: 28.8px; text-indent: 0px; letter-spacing: normal; font-family: 'Noto Serif'; font-size: 16px; font-variant: normal; text-decoration: none; word-spacing: 0px; display: inline !important; white-space: pre-wrap; orphans: 2; float: none; -webkit-text-stroke-width: 0px; background-color: transparent;\">Alle Angaben, Beitr\u00e4ge und Fotos auf den Internetseiten der Tierfreunde im Fl\u00e4ming e.V. sind, soweit nicht ausdr\u00fccklich anders vermerkt, urheberrechtlich gesch\u00fctzt. Reproduktionen, gleich welcher Art, nur mit schriftlicher Genehmigung des Herausgebers. Alle Rechte, auch an \u00dcbersetzungen, sind vorbehalten.<\/span><\/em><\/strong><\/p><\/div><\/div><\/div><\/div>                                            <\/div>\n                                        <\/div>\n                                    <\/div>\n\t\t\t\t\t\t\t\t\t                        <\/div>\n\n                    <\/div>\n                <\/div>\n\t\t\t\t                <div  class=\"wppb-row-parent  wppb-row-1548961789735 \"  >\n\t\t\t\t\t\n\t\t\t\t\t\t\t\t\t\t\n\t\t\t\t\t\t\t\t\t\t\n\t\t\t\t\t<div class=\"wppb-container \">\n\t\t\t\t\t\t\t\t\t\t\t\t\t\n                        <div class=\"wppb-row\">\n\t\t\t\t\t\t\t                                    <div  class=\"wppb-column-parent wppb-column-parent-view wppb-col-1548961789734  \"  >\n                                        <div class=\"wppb-column\">\n\t\t\t\t\t\n\t\t\t\t\t\t\t\t\t\t\t\n                                            <div class=\"wppb-builder-addons\">\n\t\t\t\t\t\t\t\t\t\t\t\t<div class='wppb-builder-addon wppb-addon-1548962137249'  data-addon-id='1548962137249'><div class='wppb-addon'><div class=\"wppb-text-block-addon\"><div class=\"wppb-text-block-content 0\"><blockquote>\n<p style=\"text-align: center;\"><span style=\"display: inline !important; float: none; background-color: #e8eaeb; color: #191e23; font-family: 'Noto Serif'; font-size: 16px; font-style: normal; font-variant: normal; font-weight: 600; letter-spacing: normal; orphans: 2; text-align: left; text-decoration: none; text-indent: 0px; text-transform: none; -webkit-text-stroke-width: 0px; white-space: pre-wrap; word-spacing: 0px;\">Wichtige Information:<\/span><br \/><span style=\"display: inline !important; float: none; background-color: #e8eaeb; color: #191e23; font-family: 'Noto Serif'; font-size: 16px; font-style: normal; font-variant: normal; font-weight: 600; letter-spacing: normal; orphans: 2; text-align: left; text-decoration: none; text-indent: 0px; text-transform: none; -webkit-text-stroke-width: 0px; white-space: pre-wrap; word-spacing: 0px;\"> Wer ein Foto oder einen Beitrag an die Tierfreunde im Fl\u00e4ming e.V. schickt, erkl\u00e4rt, s\u00e4mtliche Rechte hieran zu besitzen und \u00fcbertr\u00e4gt der<\/span><\/p>\n<p style=\"text-align: center;\"><span style=\"display: inline !important; float: none; background-color: #e8eaeb; color: #191e23; font-family: 'Noto Serif'; font-size: 16px; font-style: normal; font-variant: normal; font-weight: 600; letter-spacing: normal; orphans: 2; text-align: left; text-decoration: none; text-indent: 0px; text-transform: none; -webkit-text-stroke-width: 0px; white-space: pre-wrap; word-spacing: 0px;\"> Tierfreunde im Fl\u00e4ming e.V. alle Rechte zur Ver\u00f6ffentlichung in allen Medien \u2013 zur Bearbeitung, Archivierung und Weiterver\u00e4u\u00dferung.<\/span><\/p>\n<\/blockquote><\/div><\/div><\/div><\/div>                                            <\/div>\n                                        <\/div>\n                                    <\/div>\n\t\t\t\t\t\t\t\t\t                        <\/div>\n\n                    <\/div>\n                <\/div>\n\t\t\t\t<\/div>","protected":false},"excerpt":{"rendered":"<p>Impressum Tierfreunde im Fl\u00e4ming e.V. L\u00fcsse 3314806 Bad Belzig Telefon: 033841 798450 E-Mail: info@tierfreunde-flaeming.de Verantwortlich f\u00fcr den Inhalt (gem. \u00a7 55 Abs. 2 RStV): Tierfreunde im Fl\u00e4ming e.V. L\u00fcsse 3314806 Bad Belzig Bildrechte: Tierfreunde im Fl\u00e4ming e.V. \u00a0 Alle Angaben, Beitr\u00e4ge und Fotos auf den Internetseiten der Tierfreunde im Fl\u00e4ming e.V. sind, soweit nicht ausdr\u00fccklich [&hellip;]<\/p>\n","protected":false},"author":1,"featured_media":0,"parent":0,"menu_order":0,"comment_status":"closed","ping_status":"closed","template":"","meta":[],"_links":{"self":[{"href":"https:\/\/www.tierfreunde-flaeming.de\/index.php?rest_route=\/wp\/v2\/pages\/1430"}],"collection":[{"href":"https:\/\/www.tierfreunde-flaeming.de\/index.php?rest_route=\/wp\/v2\/pages"}],"about":[{"href":"https:\/\/www.tierfreunde-flaeming.de\/index.php?rest_route=\/wp\/v2\/types\/page"}],"author":[{"embeddable":true,"href":"https:\/\/www.tierfreunde-flaeming.de\/index.php?rest_route=\/wp\/v2\/users\/1"}],"replies":[{"embeddable":true,"href":"https:\/\/www.tierfreunde-flaeming.de\/index.php?rest_route=%2Fwp%2Fv2%2Fcomments&post=1430"}],"version-history":[{"count":5,"href":"https:\/\/www.tierfreunde-flaeming.de\/index.php?rest_route=\/wp\/v2\/pages\/1430\/revisions"}],"predecessor-version":[{"id":1994,"href":"https:\/\/www.tierfreunde-flaeming.de\/index.php?rest_route=\/wp\/v2\/pages\/1430\/revisions\/1994"}],"wp:attachment":[{"href":"https:\/\/www.tierfreunde-flaeming.de\/index.php?rest_route=%2Fwp%2Fv2%2Fmedia&parent=1430"}],"curies":[{"name":"wp","href":"https:\/\/api.w.org\/{rel}","templated":true}]}}